 111 is divided by u(-4).
35
Let t be (-2 - -2)/(-1 + 2). Suppose -4*j + 0*j + 20 = t. Suppose -3*v + 4*p = -32, -42 = -j*v + p - 0*p. Calculate the remainder when 21 is divided by v.
5
Let h be (-6)/33 - (-79)/11. Suppose -o - 4*a = h, -2*o - 2 = 5*a - 3. What is the remainder when o is divided by 8?
5
Suppose 10*m + 47 = 11*m. Let l be 54/10 - 18/45. Calculate the remainder when m is divided by 0 + l/(20/68).
13
Let b be (-6 - -3)/(3/54*2). Let z = b + 53. What is the remainder when z is divided by 10?
6
Let c = 70 - 38. Suppose 109 = -5*m - 2*o, 0 = -2*m + m + 2*o - 17. Let x = m + c. Calculate the remainder when 53 is divided by x.
9
Suppose -45 = 5*z - 285. Calculate the remainder when 107 is divided by z.
11
Suppose 3*f - 8 = 46. Suppose -4*x + 8 = -4. Suppose -x*o - 156 = -6*o. What is the remainder when o is divided by f?
16
Suppose 7*a - 2*a = 5*p - 20, p + 6 = -a. What is the remainder when p - (-31 + 0/1) is divided by 4?
2
Suppose 0 = 5*v + 11*l - 13*l - 605, 0 = -2*v + l + 241. Calculate the remainder when v is divided by 62.
61
Let d be 9/(-6) - 842/(-4). Calculate the remainder when d/5 + (-3)/(-15) is divided by 28.
14
Suppose -3*n - 3*c = -24, -5*n + 4*c + 13 + 63 = 0. What is the remainder when ((-22)/(-5))/((-1)/(-5)) is divided by n?
10
Let y = -751 - -773. What is the remainder when 113 is divided by y?
3
Let n(u) = 53*u + 2. Calculate the remainder when n(3) is divided by 24.
17
Suppose -2*r = -n + 59 - 154, r = -4*n + 25. Calculate the remainder when r is divided by 6.
3
Suppose -3*c + 42 = -3*u + 7*u, 0 = -c - 2. Calculate the remainder when 214 is divided by u.
10
Suppose 9*s + 28 = 118. Calculate the remainder when 99 is divided by s.
9
Suppose -3*h + 76 = 5*m, -2*h + 46 = -0*m + m. Suppose -y + 40 = -h. What is the remainder when y is divided by 8?
6
Let s be 6/10 + 126/15. What is the remainder when 72 is divided by 189/12 + s/(-12)?
12
Let f(u) = 6*u - 29. What is the remainder when 166 is divided by f(6)?
5
Suppose -3*w + 122 = 2*g, g = -3*w + 20 + 101. Let t = 47 - 5. Suppose 5*v = 3*v + t. Calculate the remainder when w is divided by v.
19
Let a(f) = -f**3 - 7*f**2 - 6*f + 8. Let m = 9 + -17. Let h be a(m). Calculate the remainder when 24 is divided by h/(-42)*14/(-4).
4
Suppose -3*v + 3*i + 12 = 0, -v - i + 3 + 5 = 0. Suppose 4*h - 7*h - 6 = 0. Calculate the remainder when v is divided by (-9)/h - (-12)/(-24).
2
Let l be (-2 - -1)/((-4)/32). Suppose l - 3 = m. Suppose -h - 2 + m = 0. What is the remainder when h is divided by 1?
0
Let l = -3 + 3. Suppose -4*p = -l*p - 12. Calculate the remainder when -1*2*(-22)/4 is divided by p.
2
Let f(m) = m**3 + 5*m**2 - 7*m - 1. Let u be f(-6). Suppose u = 2*t - 5. What is the remainder when 5 is divided by t?
0
What is the remainder when 94 is divided by 1/(-5)*-25 + (-19)/(-1)?
22
Let o = 101 + -29. Calculate the remainder when (o/21)/((-4)/(-112)) is divided by 33.
30
Let i(c) = -35*c - 361. Calculate the remainder when 197 is divided by i(-11).
5
Let y(i) = i**3 - 17*i**2 + 17*i + 13. Suppose -3*f + 26 = -22. Calculate the remainder when y(f) is divided by 15.
14
Let i(t) = -2*t - 9. Let b be i(-9). Let w(p) = p**2 - 2*p - 2. What is the remainder when b/(-1)*68/(-12) is divided by w(-3)?
12
Let t(q) = 2*q**2 - 2*q - 1. Let k be t(2). Suppose m - 4*d = -10, k*d - 11 = 5*m + 22. Calculate the remainder when ((-6)/9)/(m/459) is divided by 18.
15
Suppose 0 = 5*y + 4*r - 42, 0*y + 2*r + 6 = 2*y. Let j = y + -10. Calculate the remainder when 48 is divided by j/(-34) - (-219)/17.
9
Let z(j) = -j**3 - 5*j**2 - 7*j. Suppose 174*s - 177*s = -39. Calculate the remainder when z(-5) is divided by s.
9
Let g(f) = 0*f + f**2 - 45 + 38 + 2*f + f. Let i be g(-10). Suppose 2*k = -2*p + 108, -i = -2*p + p + 2*k. Calculate the remainder when p is divided by 15.
12
Let o = -37 + 79. What is the remainder when o is divided by (-232)/(-10) + (-1)/5?
19
Suppose -5*x + 48 - 18 = 0. Suppose 2*a + k + 6 = x*a, a = 3*k - 4. Calculate the remainder when 10 is divided by a.
0
Suppose 5*s = -m + 85, -s + 5 - 300 = -5*m. Calculate the remainder when m is divided by (-284)/(-14) + 2 + (-4)/14.
16
Let u = 1863 - 1841. Calculate the remainder when (0 - 1) + 3 + 85 is divided by u.
21
Suppose 0 = 3*n + 2*h - 18, 0 = 5*n - 6*h + 3*h - 11. Calculate the remainder when (60/35)/(n/434) is divided by 7.
4
Suppose 4940 = 487*o - 477*o. Calculate the remainder when o is divided by 8.
6
Let i = -40 + 48. Suppose -3*p = 2*p - 40. What is the remainder when i is divided by p?
0
Suppose 262 = 8*m - 42. Calculate the remainder when 189 is divided by m.
37
Let x be 0 - ((5 - 1) + -10). What is the remainder when (-528)/(-20) + x/(-15) - -2 is divided by 11?
6
Let g = -5 + 21. Suppose 5*m - 6 = 2*m. Suppose 5*r - 158 = 3*c, -r + 0*c = -m*c - 33. Calculate the remainder when r is divided by g.
15
Let f(s) = 1701*s - 136. What is the remainder when f(2) is divided by 19?
17
Let z(s) = s**3 + 5*s**2 - 4*s - 1. Calculate the remainder when 29 is divided by z(2).
10
Suppose -43 = -4*m + 41. Suppose -5*p + 2*y = -59, -y + 21 + 8 = 2*p. Suppose 7*d - p*d + 66 = 0. Calculate the remainder when m is divided by d.
10
Suppose 0 = 6*z - 3*z. Suppose 0 = -z*l + l + 2*n + 155, -5*n = 5*l + 765. What is the remainder when 67 is divided by (-6)/(-27) + l/(-9)?
16
What is the remainder when 1*((-816)/(-255))/(1/145) is divided by 18?
14
Let v be -1 + (-4)/(-5) + (-122)/(-10). Suppose -63 = 5*y - v*y. Calculate the remainder when 17 is divided by y.
8
Let s = 180 + -178. What is the remainder when 2 is divided by s?
0
Let h(t) = -t**3 - 7*t**2 + 3. Let v be h(-7). What is the remainder when 199 is divided by (0 - v - -5) + 49?
46
Suppose -2*h - 12 = -2, -3*r = -5*h - 835. Suppose 0 = 5*d - 4*y - r - 349, -d + 4*y = -127. Calculate the remainder when d is divided by 18.
15
Let l = 100 + -100. Suppose -5*q - q + 366 = l. Calculate the remainder when q is divided by 8.
5
Let z = 26 + -24. Let d(h) = -4 + 2*h**3 - 5*h**3 - 4*h**z + 4*h**3 - 4*h - h. What is the remainder when d(6) is divided by 14?
10
Suppose -2 = -2*s - 0. Let y = s - 2. Let g(q) = 6*q**2 + 3*q + 2. What is the remainder when 19 is divided by g(y)?
4
Let m(j) = 2*j + 3*j - 3 - 3*j + j**3 + 5 - 6*j**2. What is the remainder when m(6) is divided by 1*3/(-2)*(-4 - 2)?
5
Let w(y) be the second derivative of 28*y**3/3 - 3*y**2/2 - 11*y. What is the remainder when w(2) is divided by 28?
25
Let o(k) = -k**3 - 5*k**2 + 6*k + 9. Calculate the remainder when (-10 - -8 - (-5 - -2)) + 30 is divided by o(-6).
4
Suppose -z = -3*o - 17, 6*z - 8*z - 6 = 4*o. Let x be o/8 + 21/(-6). Let d = x + 16. What is the remainder when 21 is divided by d?
9
Let z be 8/5 + 16/40. What is the remainder when 1/(1 - z) - -67 is divided by 18?
12
Let l = -197 - -203. What is the remainder when 62 is divided by l?
2
Let y(m) = -5*m + 113. Calculate the remainder when y(9) is divided by 50.
18
What is the remainder when 64 is divided by ((-11)/(88/16))/((-4)/14)?
1
Let j be (-84)/(-10) + 26/(-65). Calculate the remainder when 62 is divided by 6/j + -1 - (-255)/12.
20
Let c(d) = -50*d - 274. Calculate the remainder when c(-6) is divided by 7.
5
Suppose 15 = 5*r - 2*r. Suppose 0 = -5*a - f + 14, 2*f - 11 = -4*a + r. What is the remainder when (-10 - -2)/(a/(-1)) is divided by 2?
0
Let a be 2967/21 + 4/28*-2. Let m = a + -58. What is the remainder when m is divided by 42?
41
Let d = 38 + 9. Let f = d + 26. Let k = -104 - -123. Calculate the remainder when f is divided by k.
16
Let l(f) = -3*f**2 + 31*f - 1. Calculate the remainder when 163 is divided by l(8).
53
Suppose d - y - 114 = 0, -8*d - y + 481 = -4*d. What is the remainder when 459 is divided by d?
102
Let i = 142 - 111. Calculate the remainder when 85 is divided by i.
23
Let u be 13 - (3 - (-1 + 12/3)). Suppose -u*n + 97 = -137. What is the remainder when n is divided by 3?
0
Let p(j) = 2*j**2 + 2*j + 153. What is the remainder when p(9) is divided by 13?
8
Let s = 26 - 13. Let k = 5632 - 5598. What is the remainder when k is divided by s?
8
Let v = 48 + -28. Let a be ((-2)/(-5))/(4/v). What is the remainder when (9/15)/(a/50) is divided by 8?
7
Suppose -5*r = 0, 5*k + 2*r = 767 + 118. Calculate the remainder when k is divided by 21.
9
Let s be